 is the greatest common divisor of v and 90?
10
Let y = -3647 + 7072. Calculate the greatest common divisor of 137 and y.
137
Let p(y) = -11*y - 1. Let c(z) = -2*z. Let d(a) = 6*c(a) - p(a). Let v be d(-15). Suppose -2*u - u = -432. Calculate the highest common factor of u and v.
16
Let w be -1 + 1 + (-4)/(-2). Let t = w + 22. Let x be (-60)/(-7) + 4/(-7). What is the highest common divisor of x and t?
8
Suppose -2 = -0*b - b. Let y(s) be the third derivative of -s**4/24 - s**3/3 + 4*s**2. Let r be y(-4). What is the highest common divisor of r and b?
2
Suppose -14*k = 3*k - 51. Suppose -16 = -0*f - 4*f - 5*m, -39 = -3*f + k*m. Calculate the highest common divisor of f and 6.
3
Let q = -50 + 59. Suppose 0*v + 450 = q*v. What is the highest common divisor of 20 and v?
10
Suppose -4*n + 291 = -0*n - 5*p, -p = -2*n + 141. Suppose 2*j = -3*d - j + 75, -3*d - 5*j + n = 0. What is the greatest common divisor of d and 7?
7
Let h be 234/(-65)*(-10)/6. Suppose -h*s + 32 = 8. Suppose 0 = -4*c + s, 5*u - 62 = -c - c. Calculate the highest common divisor of 6 and u.
6
Let n be (0 + -5)*(-42)/10. Let o be (-20)/10 - 2*(-9)/2. Calculate the highest common divisor of n and o.
7
Let g(a) = -28*a + 630. Let d be g(18). Calculate the greatest common divisor of d and 72.
18
Let f(n) = 26*n - 9. Let g be f(9). Suppose -x - g = -4*x. What is the highest common divisor of x and 30?
15
Suppose 97*n - 30*n - 10050 = 0. Calculate the highest common divisor of n and 5.
5
Let d(f) = 53*f + 5. Let i be d(13). Let k = i + -484. What is the greatest common factor of 14 and k?
14
Let n be 4/10 + (-24)/(-15). Let o(x) = -5*x - x**2 - 7 - 4*x**2 + 5*x**n + x**2. Let g be o(8). What is the highest common divisor of g and 17?
17
Let c(p) = -6*p - 14. Let v be c(-14). Suppose -d - d + v = 0. Suppose 3*n - d - 13 = 0. What is the highest common factor of 112 and n?
16
Suppose 3*j - s - 7 = 3*s, -4*j + 5*s + 9 = 0. Let n = 1637 + -1633. Calculate the greatest common factor of j and n.
1
Suppose 620 = 87*v - 56*v. What is the greatest common factor of v and 20?
20
Suppose 81 = 2*r - 369. Let m(a) = -10 + 13 + 11 - a + 5. Let h be m(-6). What is the highest common divisor of r and h?
25
Let q(p) = 21*p. Let g be q(1). Let l = 56 + -54. Suppose -14 = -l*o + o. What is the greatest common divisor of o and g?
7
Let u = 65 - 215. Let c = u + 162. Calculate the greatest common divisor of 6 and c.
6
Let g(w) = 3*w**3 - 3*w**2 + 2*w - 1. Let l be g(2). Suppose 6 = 17*d - l*d. What is the highest common factor of d and 21?
3
Let r = 92 + -93. Let j be (-10)/((r - -2)*(-1 + 0)). Calculate the greatest common factor of 35 and j.
5
Let n be 4/18 + (-101072)/(-72). Let b be 2/(n/(-352) + 4). Calculate the highest common factor of b and 22.
22
Let m(f) = -104*f - 230. Let j be m(-10). Calculate the highest common factor of 30 and j.
30
Suppose -3440 = -7*o - 472. Calculate the greatest common factor of o and 53.
53
Let l = 0 - -36. Suppose -5*h = -7*h + 20. Let f be 38/h - (-4)/20. Calculate the highest common factor of l and f.
4
Suppose 3*r + 19*q = 20*q + 348, -r - 5*q = -100. What is the highest common divisor of r and 805?
115
Let i be 2/2*(-2 - -435). Suppose i - 121 = 13*s. Calculate the highest common factor of s and 96.
24
Suppose 15*x - 5112 = 2478. Calculate the greatest common divisor of x and 22.
22
Suppose -j - 3*f + 559 = 70, 2*j + 4*f = 972. What is the highest common factor of 24 and j?
24
Let x = 22 - 19. Suppose -4*k + 109 = -x*s, -k + 5*s + 21 = -2. Calculate the highest common divisor of 4 and k.
4
Suppose 6*k + 17 + 229 = 0. Let n = k - -51. What is the greatest common divisor of 60 and n?
10
Suppose -298*l + 310*l - 8424 = 0. Calculate the greatest common divisor of 108 and l.
54
Let z be 6/21 + 372/21. Let c be 150/10 - 3*-1. What is the greatest common factor of c and z?
18
Let q = -41 + 42. Suppose 9 = 4*c + q. Calculate the highest common factor of 8 and c.
2
Suppose n = -2*n + 201. Suppose 0 = 5*z + 17 - n. Calculate the greatest common factor of z and 40.
10
Suppose -d + 5*k = -20, -5*d + 0*d + 12 = -3*k. Suppose d = -6*v + 11*v - 110. Calculate the greatest common factor of 55 and v.
11
Let i(w) = 8*w + 16 + 2*w - 8*w. Let s be i(-6). Calculate the highest common divisor of 2 and s.
2
Let m = -5 - -26. What is the greatest common factor of m and 77?
7
Let p be (-1)/(-5) + 11473/35. What is the greatest common factor of p and 40?
8
Suppose -201 = -4*m - x, -2*m = m + x - 151. Suppose 2*a - m = -12. Suppose 4*p + 3 = a. What is the greatest common factor of p and 36?
4
Let l = 3 + -5. Let z be ((-1)/l)/(3/72). Let u be (2/18 - 1060/(-180))*22. What is the greatest common divisor of u and z?
12
Let v(w) = 12*w + 20. Let p(o) = 2. Let x(z) = -3*p(z) - v(z). Let q be x(-5). Calculate the highest common factor of q and 34.
34
Let m be (56/12)/((-1)/(-2 - 115)). Calculate the highest common factor of m and 117.
39
Let j(v) = -8 + 12*v + 0*v**2 - 3 - v**2. Let l be j(10). Suppose 0 = z - t - 13 - 83, 0 = -2*z - 5*t + 213. Calculate the highest common divisor of l and z.
9
Suppose -4*t + 4*n + 16 = 0, 5*t - 23 = 4*n - 2. Suppose 36 = 2*w - t*w. Let u = -5 - w. Calculate the greatest common divisor of u and 56.
7
Let o(m) = -1 + 1 + 6 + 27*m - 2. Let b be o(3). Calculate the highest common factor of 34 and b.
17
Suppose 4*o - 3*u - 292 - 29 = 0, 2*o - 141 = -5*u. Let a = o - 54. Calculate the greatest common divisor of a and 6.
6
Let n = -6 - -9. Let g(h) = -3*h**2 + h + 3. Let u be g(-2). Let l(o) = o**3 + 11*o**2 - o - 5. Let j be l(u). What is the highest common divisor of j and n?
3
Suppose -5*j + 3*d + 0*d + 163 = 0, 0 = -2*j + 3*d + 58. Suppose -i + 2*i = j. What is the highest common factor of 140 and i?
35
Suppose 12023 = 4*k - 5*c, -k - 38*c + 2999 = -37*c. Calculate the greatest common factor of k and 38.
38
Let x(y) = -12*y**3 - y - 1. Let o be x(-1). Let j(u) = -u + 10. Let z be j(10). Suppose 3*w - 14 - 22 = z. Calculate the greatest common divisor of o and w.
12
Suppose 9*k = 17 + 55. Let o be (-24)/(-4)*2*26/k. Calculate the greatest common factor of o and 13.
13
Let w(y) = 23*y**2 + 4*y + 1. Let s be w(1). What is the greatest common divisor of s and 364?
28
Let w be (1*-6)/(8/7)*-12. What is the highest common factor of w and 3?
3
Suppose -23 + 212 = -d. Let s = d - -329. What is the highest common divisor of 20 and s?
20
Let q be (1 - 2)/(2/(-8)) + 0. Suppose -m + 3*n = -24, -5*m + 47 = -2*m - q*n. What is the greatest common divisor of 27 and m?
9
Let g(k) = -k - 3. Let z be g(-6). Suppose -3*x = -8*x + 3*j + 35, -4*x + 31 = -z*j. Suppose -y - 135 = -x*y. What is the greatest common divisor of 9 and y?
9
Suppose 5*d = -2*t + 29, -t + 3*t - 23 = -3*d. Let f be 16/10*(-1 + -4). Let n be f/(-2)*(-7)/(-2). Calculate the greatest common factor of t and n.
7
Let n(d) = d**3 - 3*d**2 + 3*d - 9. Let w be n(5). Let z = 78 - w. What is the highest common divisor of 55 and z?
11
Suppose 5*i + 40 = -d, -19 - 5 = 3*i - 3*d. Let c be 2/(i/10)*4. Let k be ((-8)/c)/((-1)/(-10)). What is the highest common divisor of 1 and k?
1
Let m(s) = -39*s - 10. Let d(w) = w**3 + 5*w**2 - 2*w - 7. Let n be d(-5). Let b be m(n). Let r = 279 + b. What is the greatest common divisor of r and 19?
19
Suppose 2*z + 4*m - 40 = 3*m, -2 = m. Let q = -4 - -32. What is the highest common divisor of z and q?
7
Suppose -f - 12 = -5*f. Suppose f*i - 923 = -257. Let d be i/15 - 3/(-15). Calculate the highest common factor of d and 135.
15
Let k be 1005*10/(30/3). What is the highest common divisor of k and 134?
67
Let x(s) = -12*s + 15. Let u be 80/(-14) + (-14)/49. Let w be x(u). Calculate the greatest common factor of 29 and w.
29
Suppose -932 = -17*d + 377. What is the highest common divisor of d and 11?
11
Suppose 0 = 8*c - 17*c + 540. What is the highest common divisor of 50 and c?
10
Let g(l) = -11*l - 92. Let z be g(-10). What is the highest common factor of z and 288?
18
Suppose 2*x = -4*x + 48. Suppose 45 + 851 = x*n. Calculate the greatest common factor of 16 and n.
16
Let m = -18 - -39. Suppose 4*p = -s + 760, -5*s - 703 + 156 = -3*p. Calculate the highest common factor of p and m.
21
Suppose -2316 = 8*r - 2436. Let b(i) = -16*i - 3. Let w be b(-3). Calculate the highest common diviso